{"id":99,"date":"2018-01-24T18:32:57","date_gmt":"2018-01-24T18:32:57","guid":{"rendered":"https:\/\/aloe-vera.ee\/tooted\/?post_type=product&#038;p=99"},"modified":"2024-08-10T11:45:32","modified_gmt":"2024-08-10T09:45:32","slug":"aaloenektar","status":"publish","type":"product","link":"https:\/\/aloe-vera.ee\/tooted\/toode\/aaloenektar\/","title":{"rendered":"Aaloemahl"},"content":{"rendered":"<div class=\"page\" title=\"Page 4\">\n<div class=\"layoutArea\">\n<div class=\"column\"><\/div>\n<p>Aaloemahl aitab korrastada seedetegevust ja soodustada toitainete omastamist. Mahlas sisalduv C-vitamiin aitab toetada immuuns\u00fcsteemi normaalset talitlust ning v\u00e4hendada v\u00e4simustunnet ja kurnatust.<\/p>\n<p>&nbsp;<\/p>\n<p>Kuidas aaloemahl toimib?<\/p>\n<p>\u2022 Puhastab organismi. Loodustoodete kasutamisel hakkab Teie keha ise puhastuma, mis annab positiivseid tulemusi.<\/p>\n<p>\u2022 T\u00e4nu oma toitvatele omadustele aitab Aloe Vera kaitsta epiteelkudesid, viimaste vigastuste korral aga soodustab nende paranemist.<\/p>\n<p>\u2022 Aaloe koostisesse kuuluvad pol\u00fcsahhariidid (k\u00f5rgmolekulaarsed s\u00fcsivesikud) avaldavad m\u00f5ju organismi immuuns\u00fcsteemile ning aitavad reguleerida selle tegevust.<\/p>\n<p>\u2022 \u0410aloe paistab silma s\u00fcnergeetiliste omaduste poolest (koos toimides tugevdavad toitained \u00fcksteise m\u00f5ju).<\/p>\n<p>\u2022 \u0410aloel on t\u00f5hus p\u00f5letiku- ja mikroobivastane toime inimese organismile.<\/p>\n<p>Aaloemahla on soovitav tarvitada: seedeh\u00e4irete, haavandt\u00f5ve, j\u00e4mesoole\u00e4rrituse s\u00fcndroomi, ekseemi, psoriaasi, p\u00f5letuste ning viirushaiguse j\u00e4rgse v\u00e4simuss\u00fcndroomi korral. Aloe Vera mahla v\u00f5ib tarvitada ravimikuuri ajal. On t\u00e4heldatud, et Aloe Vera mahla tarvitamisel ravimite positiivne toime suureneb.<\/p>\n<\/div>\n<p>Aaloemahla kvaliteeti t\u00f5endab Rahvusvahelise Aaloe Teadusn\u00f5ukogu poolt v\u00e4lja antud sertifikaat.<\/p>\n<\/div>\n","protected":false},"excerpt":{"rendered":"<p>Aaloemahl aitab korrastada seedetegevust ja soodustada toitainete omastamist. Mahlas sisalduv C-vitamiin aitab toetada immuuns\u00fcsteemi normaalset talitlust ning v\u00e4hendada v\u00e4simustunnet ja kurnatust. &nbsp; Kuidas aaloemahl toimib? \u2022 Puhastab organismi. Loodustoodete kasutamisel hakkab Teie keha ise puhastuma, mis annab positiivseid tulemusi. \u2022 T\u00e4nu oma toitvatele omadustele aitab Aloe Vera kaitsta epiteelkudesid, viimaste vigastuste korral aga soodustab nende [&hellip;]<\/p>\n","protected":false},"featured_media":2809,"comment_status":"open","ping_status":"closed","template":"","meta":[],"product_brand":[],"product_cat":[39],"product_tag":[],"class_list":{"0":"post-99","1":"product","2":"type-product","3":"status-publish","4":"has-post-thumbnail","6":"product_cat-mahl","8":"first","9":"instock","10":"shipping-taxable","11":"purchasable","12":"product-type-simple"},"_links":{"self":[{"href":"https:\/\/aloe-vera.ee\/tooted\/wp-json\/wp\/v2\/product\/99","targetHints":{"allow":["GET"]}}],"collection":[{"href":"https:\/\/aloe-vera.ee\/tooted\/wp-json\/wp\/v2\/product"}],"about":[{"href":"https:\/\/aloe-vera.ee\/tooted\/wp-json\/wp\/v2\/types\/product"}],"replies":[{"embeddable":true,"href":"https:\/\/aloe-vera.ee\/tooted\/wp-json\/wp\/v2\/comments?post=99"}],"wp:featuredmedia":[{"embeddable":true,"href":"https:\/\/aloe-vera.ee\/tooted\/wp-json\/wp\/v2\/media\/2809"}],"wp:attachment":[{"href":"https:\/\/aloe-vera.ee\/tooted\/wp-json\/wp\/v2\/media?parent=99"}],"wp:term":[{"taxonomy":"product_brand","embeddable":true,"href":"https:\/\/aloe-vera.ee\/tooted\/wp-json\/wp\/v2\/product_brand?post=99"},{"taxonomy":"product_cat","embeddable":true,"href":"https:\/\/aloe-vera.ee\/tooted\/wp-json\/wp\/v2\/product_cat?post=99"},{"taxonomy":"product_tag","embeddable":true,"href":"https:\/\/aloe-vera.ee\/tooted\/wp-json\/wp\/v2\/product_tag?post=99"}],"curies":[{"name":"wp","href":"https:\/\/api.w.org\/{rel}","templated":true}]}}