{"id":3625,"date":"2024-03-30T08:09:29","date_gmt":"2024-03-30T06:09:29","guid":{"rendered":"https:\/\/aloe-vera.ee\/tooted\/?post_type=product&#038;p=3625"},"modified":"2024-06-17T16:16:00","modified_gmt":"2024-06-17T14:16:00","slug":"forever-b%e2%82%81%e2%82%82-plus","status":"publish","type":"product","link":"https:\/\/aloe-vera.ee\/tooted\/toode\/forever-b%e2%82%81%e2%82%82-plus\/","title":{"rendered":"Forever B\u2081\u2082 Plus"},"content":{"rendered":"<p>B12-vitamiini ja folaatide allikas. B12-vitamiin aitab toetada n\u00e4rvis\u00fcsteemi normaalset talitlust. Folaadid aitavad toetada normaalset vereloomet ja ps\u00fchholoogilist funktsioneerimist. M\u00f5lemad vitamiinid aitavad toetada immuuns\u00fcsteemi normaalset talitlust. Folaadid aitavad raseduse ajal toetada ema kudede kasvu.<\/p>\n","protected":false},"excerpt":{"rendered":"<p>B12-vitamiini ja folaatide allikas. B12-vitamiin aitab toetada n\u00e4rvis\u00fcsteemi normaalset talitlust. Folaadid aitavad toetada normaalset vereloomet ja ps\u00fchholoogilist funktsioneerimist. M\u00f5lemad vitamiinid aitavad toetada immuuns\u00fcsteemi normaalset talitlust. Folaadid aitavad raseduse ajal toetada ema kudede kasvu.<\/p>\n","protected":false},"featured_media":3626,"comment_status":"closed","ping_status":"closed","template":"","meta":[],"product_brand":[],"product_cat":[19],"product_tag":[],"class_list":{"0":"post-3625","1":"product","2":"type-product","3":"status-publish","4":"has-post-thumbnail","6":"product_cat-toitumine","8":"first","9":"instock","10":"shipping-taxable","11":"purchasable","12":"product-type-simple"},"_links":{"self":[{"href":"https:\/\/aloe-vera.ee\/tooted\/wp-json\/wp\/v2\/product\/3625","targetHints":{"allow":["GET"]}}],"collection":[{"href":"https:\/\/aloe-vera.ee\/tooted\/wp-json\/wp\/v2\/product"}],"about":[{"href":"https:\/\/aloe-vera.ee\/tooted\/wp-json\/wp\/v2\/types\/product"}],"replies":[{"embeddable":true,"href":"https:\/\/aloe-vera.ee\/tooted\/wp-json\/wp\/v2\/comments?post=3625"}],"wp:featuredmedia":[{"embeddable":true,"href":"https:\/\/aloe-vera.ee\/tooted\/wp-json\/wp\/v2\/media\/3626"}],"wp:attachment":[{"href":"https:\/\/aloe-vera.ee\/tooted\/wp-json\/wp\/v2\/media?parent=3625"}],"wp:term":[{"taxonomy":"product_brand","embeddable":true,"href":"https:\/\/aloe-vera.ee\/tooted\/wp-json\/wp\/v2\/product_brand?post=3625"},{"taxonomy":"product_cat","embeddable":true,"href":"https:\/\/aloe-vera.ee\/tooted\/wp-json\/wp\/v2\/product_cat?post=3625"},{"taxonomy":"product_tag","embeddable":true,"href":"https:\/\/aloe-vera.ee\/tooted\/wp-json\/wp\/v2\/product_tag?post=3625"}],"curies":[{"name":"wp","href":"https:\/\/api.w.org\/{rel}","templated":true}]}}